t -379a (base 16) to base 3.
-201112012
131 (base 15) to base 14
155
Convert 3722 (base 13) to base 16.
1e7a
4245 (base 7) to base 10
1503
-5c (base 16) to base 11
-84
What is -242 (base 13) in base 14?
-200
-9a0 (base 14) to base 16
-770
-2006 (base 10) to base 11
-1564
What is 4734 (base 9) in base 11?
2705
Convert 932 (base 11) to base 14.
5a4
14c2 (base 13) to base 16
bd7
Convert -981 (base 12) to base 9.
-1817
Convert 1c (base 16) to base 5.
103
Convert -2627 (base 13) to base 6.
-41105
Convert -1215500 (base 6) to base 7.
-356550
What is 124 (base 16) in base 11?
246
Convert 12121 (base 6) to base 4.
123301
What is -210000 (base 3) in base 16?
-237
What is -212222 (base 5) in base 10?
-7187
-945 (base 12) to base 16
-545
-3003 (base 10) to base 11
-2290
Convert -8164 (base 10) to base 7.
-32542
-174 (base 11) to base 13
-127
-42565 (base 8) to base 11
-123a5
Convert 164 (base 12) to base 11.
190
Convert 720 (base 13) to base 7.
3345
-51a8 (base 12) to base 5
-241122
Convert 57c (base 14) to base 9.
1441
Convert 53404 (base 6) to base 3.
100222111
Convert 129 (base 13) to base 16.
cc
Convert 4400 (base 5) to base 10.
600
What is 330110 (base 4) in base 7?
14153
-9003 (base 11) to base 9
-17383
Convert -31654 (base 9) to base 10.
-20947
-4414 (base 5) to base 11
-504
-1011211212 (base 3) to base 15
-6d2b
Convert -4440 (base 5) to base 9.
-758
What is -92 (base 15) in base 7?
-254
What is 11111000011110 (base 2) in base 5?
1002102
What is -1010010 (base 3) in base 5?
-11223
What is -2131344 (base 5) in base 3?
-1212000220
Convert -1201122220 (base 3) to base 4.
-20103201
Convert -2a7 (base 11) to base 4.
-11213
100022 (base 6) to base 16
1e6e
-6280 (base 10) to base 8
-14210
-191 (base 10) to base 12
-13b
121142 (base 5) to base 9
6212
What is 40e (base 15) in base 10?
914
Convert 19979 (base 13) to base 3.
2112112012
What is 48b (base 13) in base 16?
317
Convert -10101011 (base 2) to base 10.
-171
What is ba20 (base 12) in base 11?
14421
Convert 4897 (base 13) to base 14.
3a52
Convert 6a3e (base 15) to base 8.
54037
Convert 28a (base 14) to base 2.
1000000010
-1454 (base 7) to base 9
-712
Convert -1987 (base 13) to base 10.
-3829
What is 420 (base 5) in base 6?
302
-8db9 (base 16) to base 12
-18bb5
Convert -2102131 (base 4) to base 8.
-22235
-26542 (base 11) to base 3
-1221000102
What is -2061 (base 13) in base 5?
-120343
What is -28e1 (base 15) in base 8?
-21071
-12101 (base 6) to base 5
-24030
Convert 11011 (base 2) to base 9.
30
-12143 (base 6) to base 10
-1791
What is 11010000011011 (base 2) in base 12?
7877
Convert 28 (base 10) to base 8.
34
324 (base 11) to base 7
1064
-34113 (base 8) to base 15
-440b
What is 24aa (base 13) in base 9?
7128
What is 166 (base 7) in base 4?
1201
Convert -10122 (base 7) to base 15.
-ae6
What is -455 (base 6) in base 8?
-263
Convert -82c (base 14) to base 7.
-4455
What is 399 (base 13) in base 12?
449
Convert -10212 (base 4) to base 10.
-294
Convert -53032 (base 9) to base 10.
-35021
Convert b485 (base 12) to base 9.
30002
48170 (base 10) to base 12
23a62
Convert 2058 (base 9) to base 6.
10555
1a37 (base 11) to base 7
10345
Convert 265 (base 9) to base 12.
165
Convert -13c9 (base 15) to base 3.
-12211000
201222202 (base 3) to base 9
21882
24030 (base 6) to base 3
11202200
Convert 475 (base 12) to base 2.
1010011001
Convert -3308 (base 9) to base 10.
-2438
-9a0e (base 16) to base 4
-21220032
Convert 544b (base 12) to base 3.
110201112
Convert -5633 (base 8) to base 4.
-232123
Convert -3aa (base 11) to base 16.
-1e3
Convert 5142 (base 6) to base 12.
7b2
-514 (base 11) to base 3
-211222
-724 (base 10) to base 16
-2d4
What is 12215 (base 6) in base 16?
713
11356 (base 8) to base 6
34234
Convert -741 (base 16) to base 14.
-969
Convert 241444 (base 6) to base 14.
79ac
536 (base 12) to base 9
1036
-31101 (base 4) to base 8
-1521
Convert 10320 (base 5) to base 11.
596
What is -b9b (base 16) in base 11?
-2261
1211 (base 5) to base 4
2311
What is 443405 (base 6) in base 4?
21003131
What is b08 (base 14) in base 4?
201310
Convert 201014 (base 5) to base 12.
3840
What is 100010010011001 (base 2) in base 16?
4499
Convert -28182 (base 10) to base 15.
-853c
What is 6697 (base 10) in base 6?
51001
What is -1224 (base 9) in base 15?
-40d
Convert -17502 (base 11) to base 9.
-36624
What is -2cc (base 13) in base 8?
-772
-235 (base 6) to base 9
-115
Convert 3ad (base 15) to base 5.
11323
What is 60d (base 15) in base 4?
111103
Convert -101011100 (base 2) to base 5.
-2343
Convert -30322 (base 6) to base 14.
-1666
-916 (base 14) to base 12
-1048
What is 149 (base 15) in base 3?
101220
Convert -21002102 (base 3) to base 10.
-5168
-2368 (base 9) to base 11
-1363
Convert 128d (base 15) to base 12.
235a
What is -10522 (base 7) in base 6?
-20154
Convert -1d15 (base 15) to base 7.
-24266
Convert -2012 (base 4) to base 16.
-86
Convert -d28 (base 16) to base 9.
-4552
Convert -121 (base 11) to base 9.
-170
What is -340 (base 12) in base 8?
-740
-2121 (base 14) to base 2
-1011001010001
-1020021002 (base 3) to base 14
-8ba0
132246 (base 7) to base 14
9096
Convert -108a (base 13) to base 15.
-a41
What is 1457 (base 8) in base 7?
2243
1175 (base 9) to base 4
31232
Convert -212 (base 14) to base 12.
-2a0
What is -4020 (base 5) in base 6?
-2210
Convert 354 (base 12) to base 5.
3441
Convert 1578 (base 9) to base 2.
10010110101
Convert -3237 (base 8) to base 4.
-122133
What is 4747 (base 12) in base 13?
3826
Convert -336a (base 14) to base 4.
-2023102
What is -798 (base 16) in base 5?
-30234
-10001 (base 5) to base 16
-272
Convert -1550 (base 10) to base 8.
-3016
-2089 (base 13) to base 7
-16066
Convert -23676 (base 8) to base 12.
-5a7a
Convert -26 (base 15) to base 7.
-51
Convert 1122211 (base 5) to base 14.
7586
Convert a531 (base 12) to base 4.
10121311
What is -302 (base 16) in base 6?
-3322
Convert -130300 (base 5) to base 10.
-5075
Convert 1220200 (base 3) to base 15.
630
What is 3112 (base 5) in base 14?
211
Convert -210105 (base 6) to base 11.
-11764
427 (base 10) to base 4
12223
Convert 153050 (base 7) to base 2.
111010010110100
210211 (base 3) to base 13
364
What is -271 (base 11) in base 12?
-228
404322 (base 6) to base 16
7d5a
What is 12401 (base 6) in base 10?
1873
What is 107 (base 10) in base 12?
8b
1a35 (base 12) to base 6
22505
-120200212 (base 3) to base 4
-2302310
-22102011 (base 3) to base 4
-1133311
Convert 1256 (base 7) to base 10.
482
-4212 (base 5) to base 9
-678
-1203 (base 4) to base 10
-99
652 (base 9) to base 13
320
What is -5966 (base 12) in base 16?
-271e
110010011011 (base 2) to base 15
e52
Convert 15405 (base 7) to base 12.
25b9
-1342 (base 6) to base 3
-110222
-10455 (base 6) to base 5
-21400
Convert 202012001 (base 3) to base 6.
152044
2b5 (base 16) to base 2
1010110101
Convert -961 (base 14) to base 9.
-2474
Convert -141031 (base 5) to base 16.
-1686
344 (base 14) to base 9
800
What is -15031 (base 8) in base 2?
-1101000011001
-33511 (base 6) to base 8
-11163
Convert 101011001101 (base 2) to base 9.
3712
-131210 (base 4) to base 12
-1118
What is 10220220 (base 3) in base 7?
11223
-8679 (base 13) to base 3
-221122020
What is 403 (base 9) in base 15?
16c
-121 (base 4) to base 15
-1a
What is 650 (base 15) in base 7?
4104
What is -100010000010110 (base 2) in base 13?
-7c1a
-88a (base 12) to base 16
-4ea
Convert -1201011 (base 3) to base 10.
-1246
What is -1079 (base 13) in base 6?
-14345
Convert 75 (base 8) to base 6.
141
-414 (base 10) to base 12
-2a6
Convert 63 (base 10) to base 9.
70
What is -675 (base 9) in base 13?
-338
What is 542 (base 9) in base 14?
239
-3c9 (base 16) to base 4
-33021
Convert -5444 (base 12) to base 8.
-22064
What is -102a (base 14) in base 13?
-1360
406e (base 15) to base 13
6266
What is 11d (base 16) in base 12?
1b9
-1211201 (base 3) to base 16
-53e
101202 (base 4) to base 16
462
What is 46263 (base 11) in base 2?
10000010100101101
What is -113133 (base 4) in base 3?
-2001200
-15 (base 9) to base 6
-22
-37bb (base 14) to base 11
-7381
Convert 1043111 (base 5) to base 13.
8586
What is -22654 (base 10) in base 4?
-11201332
-5e4 (base 16) to base 4
-113210
What is -10121111 (base 4) in base 9?
-26625
12244 (base 7) to base 14
125b
-4100 (base 16) to base 2
-100000100000000
Convert 251